{"id":57,"date":"2023-04-13T10:51:46","date_gmt":"2023-04-13T08:51:46","guid":{"rendered":"https:\/\/www.ddweb.be\/blog\/?page_id=57"},"modified":"2023-04-13T10:51:46","modified_gmt":"2023-04-13T08:51:46","slug":"offre-pack-liberte-prenez-votre-envol","status":"publish","type":"page","link":"https:\/\/www.ddweb.be\/blog\/offre-pack-liberte-prenez-votre-envol\/","title":{"rendered":"OFFRE PACK LIBERT\u00c9 prenez votre envol"},"content":{"rendered":"\n<p>A partir de votre interface d\u2019administration : <\/p>\n\n\n\n<p>Avec l\u2019Offre Pack Libert\u00e9, rien de plus facile que de cr\u00e9er une nouvelle page, en modifier ou supprimer une ancienne\u2026 Id\u00e9ale en version de base pour un site vitrine amen\u00e9 \u00e0 \u00e9voluer en permanence. <\/p>\n\n\n\n<p><strong>Offre pack Libert\u00e9, cette formule peut \u00eatre utilis\u00e9e comme support pour tout site portail.<\/strong> <\/p>\n\n\n\n<p>Annuaire, petites annonces, site collaboratif, agenda culturel, agence immobili\u00e8re\u2026 Cette formule est la base id\u00e9ale pour cr\u00e9er des sites complexes (administration communale, office du tourisme, portails, sites institutionnels, regroupement d\u2019entreprises\u2026). <\/p>\n\n\n\n<p>Nous pouvons mettre en forme jusqu\u2019\u00e0 15 pages. <\/p>\n\n\n\n<p><strong>Contenu disponible pour la formule\u00a0DDWeb Libert\u00e9<\/strong> \u00a0 <\/p>\n\n\n\n<p>10 adresses mail<br>H\u00e9bergement pro<br>Graphisme pro et sur mesure<br>Mise en place et configuration de ModX<br>Formulaire de contact<br>Int\u00e9gration de 15 pages sur mesure<br>Plan d\u2019acc\u00e8s <\/p>\n\n\n\n<p><strong>Option disponible pour la formule\u00a0DDweb Libert\u00e9<\/strong> \u00a0 <\/p>\n\n\n\n<p>Animation flash \u00a0 Galerie photos \u00a0 Int\u00e9gration de vid\u00e9os \u00a0 Annuaire \u00a0 Petites annonces \u00a0 Acc\u00e8s utilisateurs privil\u00e9gi\u00e9s \u00a0 \u00c9diteurs multiples \u00a0 Espace de travail collaboratif \u00a0 Agenda \u00a0 Blog \u00a0 Forum\u2026 \u00a0<\/p>\n\n\n\n<p>Notre Offre Pack Libert\u00e9 pour\u00a0 390 \u20acHT <\/p>\n\n\n\n<p>La formule d\u2019h\u00e9bergement n\u00e9cessaire pour notre pack Libert\u00e9 est : Pack 3000 \u00a0<\/p>\n\n\n\n<p><strong>Tous nos prix sont HTVA<\/strong><\/p>\n","protected":false},"excerpt":{"rendered":"<p>A partir de votre interface d\u2019administration : Avec l\u2019Offre Pack Libert\u00e9, rien de plus facile que de cr\u00e9er une nouvelle [&hellip;]<\/p>\n","protected":false},"author":1,"featured_media":0,"parent":0,"menu_order":0,"comment_status":"closed","ping_status":"closed","template":"","meta":{"_sitemap_exclude":false,"_sitemap_priority":"","_sitemap_frequency":"","footnotes":""},"class_list":["post-57","page","type-page","status-publish","hentry"],"_links":{"self":[{"href":"https:\/\/www.ddweb.be\/blog\/wp-json\/wp\/v2\/pages\/57","targetHints":{"allow":["GET"]}}],"collection":[{"href":"https:\/\/www.ddweb.be\/blog\/wp-json\/wp\/v2\/pages"}],"about":[{"href":"https:\/\/www.ddweb.be\/blog\/wp-json\/wp\/v2\/types\/page"}],"author":[{"embeddable":true,"href":"https:\/\/www.ddweb.be\/blog\/wp-json\/wp\/v2\/users\/1"}],"replies":[{"embeddable":true,"href":"https:\/\/www.ddweb.be\/blog\/wp-json\/wp\/v2\/comments?post=57"}],"version-history":[{"count":1,"href":"https:\/\/www.ddweb.be\/blog\/wp-json\/wp\/v2\/pages\/57\/revisions"}],"predecessor-version":[{"id":58,"href":"https:\/\/www.ddweb.be\/blog\/wp-json\/wp\/v2\/pages\/57\/revisions\/58"}],"wp:attachment":[{"href":"https:\/\/www.ddweb.be\/blog\/wp-json\/wp\/v2\/media?parent=57"}],"curies":[{"name":"wp","href":"https:\/\/api.w.org\/{rel}","templated":true}]}}